- 15*h**2 - 6*h + 62. What are the prime factors of t(10)?
2, 17, 103
Suppose -72*a + 77*a = 1110. What are the prime factors of a?
2, 3, 37
Let s = -3484 - -5210. What are the prime factors of s?
2, 863
Let p = -14 + 24. Let s = p + -9. List the prime factors of s + -4 - (-1 + -9).
7
Let m(k) = 2*k + 3. Let r be m(5). Let g = 17 - r. Suppose -y = g*x - 129, -4*x + 3*x + 2*y = -30. What are the prime factors of x?
2
Let u(z) = 2077*z**3 + z**2 + z. List the prime factors of u(1).
3, 7, 11
Suppose 4*q = -5*r + 4*r + 8, -r - 4 = -2*q. Suppose r = -3*j - 5*t + 177, 3*j = -0*t - 3*t + 183. List the prime factors of j.
2
Let l = -2 - -4. Suppose -4*h + 30 = l*k, 2*h - 44 - 1 = 5*k. Suppose -4*y = -5*t + 130, 0 = t + y - 16 - h. List the prime factors of t.
2, 13
Let h = -259 + 512. Let i = -62 + h. What are the prime factors of i?
191
Suppose -5*j = -3*h - 153, -j - 3*j = 2*h - 118. List the prime factors of (-10)/j*(27 - -2)*-6.
2, 29
Let m be (-17)/4 + 5/20. Let x(s) = 2*s + 6. Let y be x(m). List the prime factors of 1/(3/((-174)/y)).
29
Let j(f) be the third derivative of 0*f - 1/3*f**3 + 3/8*f**4 + 0 - f**2. List the prime factors of j(3).
5
Suppose p = -0*p - z + 1, -p = 4*z + 5. Suppose 3*f - 8*f - n = -174, -p*n = -2*f + 73. List the prime factors of f.
5, 7
Suppose 5*t = -5, -409 = -2*j + t - 6*t. What are the prime factors of j?
3, 23
Suppose 0*c + 18 = -u - 4*c, 2*c + 12 = u. Suppose -4*k + u*p + 12 = -k, 3*k - p - 15 = 0. Suppose -z - 135 = -k*z. What are the prime factors of z?
3
List the prime factors of 52/442 - (-8768)/34.
2, 3, 43
Suppose 10 + 2 = 3*o. Suppose -w = 2*r - 0*w - 105, -80 = -2*r + o*w. List the prime factors of (-2)/((-6)/(-9)) + r.
47
Let p = 334 - 253. What are the prime factors of p?
3
Suppose 5*x - 67 = 4*x. Suppose -2*b = -146 + 54. Let y = x - b. List the prime factors of y.
3, 7
Suppose -25 = -c - 72. Let f = 1 - c. List the prime factors of f.
2, 3
Let j(q) = 14*q. Let h be j(9). List the prime factors of h/(4 - 7)*-1.
2, 3, 7
Suppose 0 = -52*s + 56*s - 1512. Suppose 3*o - 137 + s = 2*l, -143 = -l - 3*o. What are the prime factors of l?
2
Suppose -g - 26 - 154 = 0. Let b = -50 - g. List the prime factors of b.
2, 5, 13
Let d(o) = o**3 - 18*o**2 + 27*o + 23. What are the prime factors of d(17)?
193
Let c(x) = -4*x**2 - 3*x - x**2 - 3 - 3*x**2 - 2*x**3 + x. Let y be c(-6). Suppose 2*d + d = y. What are the prime factors of d?
3, 17
Suppose s + 409 - 1070 = 0. What are the prime factors of s?
661
Let b be ((-16)/10)/((-2)/5). Suppose y + b*l = 78, -38 = -y + 4*l - 0. What are the prime factors of y?
2, 29
Let t = -20 - -22. Let w(m) = 4*m - 6*m**t + 0*m - 8*m**2 - 11 - m**3 + 10*m**2. What are the prime factors of w(-6)?
37
Let g be (-1689)/(-33) - (-2)/(-11). Let q = g + 10. What are the prime factors of q?
61
Let p(l) = 7*l**2 - l - 6. Let m(q) = 20*q**2 - 3*q - 17. Let n(a) = 6*m(a) - 17*p(a). Let u be n(3). What are the prime factors of u/2 - (-16)/1?
19
Suppose 3*y = -3*y - 480. Let f = -11 - y. What are the prime factors of f?
3, 23
Suppose 3*c + 19 = -3*b + 52, -b = -4*c + 4. Suppose -b*a + 371 = -213. List the prime factors of a.
73
Suppose -60 = -12*s + 11*s. Suppose 4*j + r - s - 138 = 0, 5*j - 2*r = 241. List the prime factors of j.
7
Suppose 4*v = 7*v + 9. What are the prime factors of 0 - (525/v)/5?
5, 7
Let z(x) be the second derivative of 35*x**4/12 + x**3/2 + 7*x**2/2 + 8*x. What are the prime factors of z(-2)?
3, 47
Let c be 227/2 + (-9)/6. Let o = -38 + c. List the prime factors of (o - (0 - 2)) + -4.
2, 3
Let k(n) = -n + 6. Let z be k(-3). Suppose -15 = -12*q + z*q. What are the prime factors of q?
5
Suppose -2*n - n = 3, 2*o - 2*n - 40 = 0. Suppose 0 = -4*c - 3 + o. List the prime factors of c.
2
Let s be (694/(-3) + -2)*(-36)/14. Suppose -4*c + 6*f = 2*f - s, 3*c - 2*f - 446 = 0. What are the prime factors of c?
2, 73
Let f be 760/14 + (-16)/56. Suppose w = -5*a + f, 5*a + 92 = 4*w - 174. Suppose 0 = -3*z + 12, 2*o + 6 - w = 4*z. What are the prime factors of o?
37
Suppose 21*k = 16*k + 4770. Suppose 3*m - k = -219. What are the prime factors of m?
5, 7
Let v(w) be the first derivative of w**3/3 - 3*w**2/2 - 4*w - 6. List the prime factors of v(-3).
2, 7
Suppose -2*v + 6*a = a - 4439, 3*v - 6648 = 4*a. List the prime factors of v.
2, 7, 79
Let n = -67 + 27. Let t = n + 49. What are the prime factors of t?
3
Let c = 10 + -7. Suppose -c*n = 2*n. Suppose n = -4*p - 4*s + 8, p - s = -0*p + 10. List the prime factors of p.
2, 3
Let i = -415 - -627. Let v = i - 116. What are the prime factors of v?
2, 3
Suppose 5*n = 8*n - 9. Suppose -n*s = -2*s - 23. What are the prime factors of s?
23
Let y be (-7)/2 - (-4)/(-8). Suppose g + 12 + 44 = 0. List the prime factors of ((-1)/(-2))/(y/g).
7
Let d be (5 + -5)*1/2. Suppose -5*q + d*c = c - 945, 0 = -2*q + 4*c + 378. Suppose 2*i - 3 = -2*a + 91, q = 4*i + 3*a. What are the prime factors of i?
2, 3
List the prime factors of (-4)/(-8) + 0 - (-2325)/6.
2, 97
Let h(b) = -7*b - 15*b - 1 - 4*b + 5*b. Let g be h(1). Let t = -10 - g. List the prime factors of t.
2, 3
Let o(p) = 203*p - 5. Let i be o(2). Suppose 6 - i = -5*h. What are the prime factors of h?
79
Suppose 3*i = 2*p - 236, i - 2*i + 2*p = 80. Let r = -31 - i. Suppose -2*x = -3*y + 4*y - r, -2*y - 82 = -4*x. What are the prime factors of x?
2, 11
Suppose 5*z - 1 = 4*u - 6, -z - 4*u = -23. Suppose 2*f + 2*k - 84 = 0, 0 = 3*f - z*k + 2*k - 126. Suppose 0*x - f = -2*x. List the prime factors of x.
3, 7
Let f(d) = d**2 + 3*d + 188. List the prime factors of f(-32).
2, 3, 31
Let o(d) = d + 12. Let p be o(-7). Suppose 5*a - 20 = -5*q, 4*a + 2 + 18 = p*q. List the prime factors of q.
2
Let m(l) be the third derivative of 5*l**4/24 - l**3 - l**2. Let d(k) = -k**3 + 41*k**2 + 41*k + 46. Let h be d(42). List the prime factors of m(h).
2, 7
Suppose 0*h + 8 = -2*h, -3*h = -s + 170. Suppose 4*u - s - 166 = 0. List the prime factors of u.
3
Suppose 0 = 4*s - 4*y - 2864, 4*y = 5*s + 2*y - 3586. What are the prime factors of s?
2, 359
List the prime factors of (-5 + (-309)/5)/((-2)/20).
2, 167
Suppose 5*j + 103 + 87 = 0. Let q = -21 - j. What are the prime factors of q?
17
Suppose 3*s - 2007 = -5*w, -s - 14*w + 17*w = -683. List the prime factors of s.
2, 337
Let k(v) = -24*v**3 + v**2 + v. Let i be k(-1). Let z = i - 17. Suppose -z = -0*s - s. List the prime factors of s.
7
Suppose 4*b - 4*f = 0, 4*b - 16 = 2*b - 2*f. Suppose -5*j = -2*o + 116, 4*o + b*j - 3*j = 232. What are the prime factors of o?
2, 29
Let z = -2 - -9. Let w(h) = -h**3 + 6*h**2 + 8*h - 9. Let c be w(z). Let q = c + 32. What are the prime factors of q?
2, 3, 5
Let u(s) = -s**2 + 5*s - 2. Let i be u(3). Suppose -3*j = -i - 65. What are the prime factors of j?
23
Let n = 2 - 1. Suppose 0 = -5*i - 2*l + 20, -5*l = 2*i - n - 28. What are the prime factors of -2 + i/((-2)/(-15))?
13
Let c(u) = u**3 - 15*u**2 + 2*u - 8. Let g be c(15). Suppose 6*i - 15 = 3*i, -r - 4*i + g = 0. Suppose 5 = r*z - 1. What are the prime factors of z?
3
Let x = 31 - 27. What are the prime factors of (-1)/x*2 - (-742)/4?
5, 37
Suppose -3*g + 3 = 0, -3*g - 1130 - 342 = -5*x. Let a = x + -199. What are the prime factors of ((-4)/12)/((-2)/a)?
2
Let a = -10 - -55. Suppose 2*s - 5 = z - 0, 0 = -5*s - 4*z + a. Suppose 0 = l + l - 4*c, -s*c + 4 = -2*l. List the prime factors of l.
2
Let f(x) = -10*x**2 + 6*x. Let n be f(3). Let m be 15/(-4)*n/(-27). What are the prime factors of m/35 - (-135)/7?
19
Suppose -5*o - 2*h = 26 + 6, 0 = 3*o - 4*h + 40. Let l be 0 - 1 - (-27)/3. Let m = l - o. List the prime factors of m.
2
Let k(a) = -a**2 + 17*a - 1. Let y be k(16). Suppose -11*w = -y*w + 916. List the prime factors of w.
229
Suppose -4*j = -0*j - 12. Let y(v) = -7*v**3 + 4*v**3 - 2*v**2 - 2*v + 0*v**j + 1 + v**2. List the prime factors of y(-2).
5
Let d(y) = y**2 - 5*y + 4. Let g = -23 - -27. Let x be d(g). Suppose 2*q + 0 + 8 = x, -205 = -3*j + q. List the prime factors of j.
67
Let m be -1*1*0/(-1). Suppose -2*o = -4*z - 4, m = 3*o - 4*z - z - 7. What are the prime factors of o?
2
Suppose 4*u - 12*u + 480 = 0. Let i = u - -33. List the prime factors of i.
3, 31
Let g(r) = 2*r**2 + 1 + 15*r - r**2 - 30 - 1. What are the prime factors of g(-21)?
2, 3
Suppose a = -4*a - 20. What are 